{"id":22517,"date":"2014-12-20T11:43:32","date_gmt":"2014-12-20T10:43:32","guid":{"rendered":"http:\/\/www.gefaesscentrum-koeln.de\/en\/practice-and-physician-team\/dr-med-iliana-vecqueray"},"modified":"2014-12-20T11:43:32","modified_gmt":"2014-12-20T10:43:32","slug":"dr-med-iliana-vecqueray","status":"publish","type":"page","link":"https:\/\/www.gefaesscentrum-koeln.de\/en\/practice-and-physician-team\/dr-med-iliana-vecqueray","title":{"rendered":"Dr. med. Iliana Vecqueray"},"content":{"rendered":"<p><strong>Areas of Specialization<img loading=\"lazy\" decoding=\"async\" class=\"alignright wp-image-22238\" src=\"https:\/\/www.gefaesscentrum-koeln.de\/wp-content\/uploads\/2015\/06\/camci2.jpg\" alt=\"camci2\" width=\"450\" height=\"300\" srcset=\"https:\/\/www.gefaesscentrum-koeln.de\/wp-content\/uploads\/2015\/06\/camci2.jpg 1000w, https:\/\/www.gefaesscentrum-koeln.de\/wp-content\/uploads\/2015\/06\/camci2-300x200.jpg 300w, https:\/\/www.gefaesscentrum-koeln.de\/wp-content\/uploads\/2015\/06\/camci2-700x466.jpg 700w\" sizes=\"auto, (max-width: 450px) 100vw, 450px\" \/><\/strong><\/p>\n<div class='q_list circle circle_number normal'><\/p>\n<ul>\n<li>Microsurgical Procedures of the Venous System<\/li>\n<li>Endovenous Radiofrequency \/ Laser Catheter Procedures<\/li>\n<li>Ablation Therapy<\/li>\n<li>Vascular Diagnostics<\/li>\n<li>Thrombosis Care<\/li>\n<li>Wound Care<\/li>\n<\/ul>\n<p><\/div>\n<p>\u00a0<\/p>\n<p><strong>Professional Development<\/strong><\/p>\n<div class='q_list circle circle_number normal'><\/p>\n<ul>\n<li>1991\u20131996: Study of Human Medicine, Philipps-University Marburg<\/li>\n<li>1996\u20132009: Surgical and vascular surgical training by Prof. Dr.  Raguse\u00a0(Visceral Surgery) and by Prof. Dr. Balzer (Vascular Surgery), Evangelisches Krankenhaus,\u00a0M\u00fclheim an der Ruhr (Protestant Hospital)<\/li>\n<li>1998:Medical License &#8211; Physician<\/li>\n<li>2000: Doctorate Degree<\/li>\n<li>2003: Specialist in Surgery<\/li>\n<li>2005: Specialty designation in Vascular Surgery<\/li>\n<li>2005\u20132009: Medical Superintendent for Vascular Surgery, Evangl. Krankenhaus, M\u00fclheim a. d. Ruhr<\/li>\n<li>2008: Additional designation Phlebology<\/li>\n<li>since September 2009: Specialist at the Center for Vascular Medicine and Venous Surgery, Cologne<\/li>\n<\/ul>\n<p><\/div>\n<p>\u00a0<\/p>\n<p><strong>Other <\/strong><\/p>\n<div class='q_list circle circle_number normal'><\/p>\n<ul>\n<li>Membership in specialty associations: Berufsverband der Deutschen Chirurgen e.V. (Professional Association of German Surgeons) (BDC) and\u00a0Deutsche Gesellschaft f\u00fcr Gef\u00e4\u00dfchirurgie (DGG) (German Association for Vascular Surgery)<\/li>\n<li>Participation in conferences of the Deutschen Gesellschaften f\u00fcr Angiologie, Gef\u00e4\u00dfchirurgie und\u00a0Phlebologie (German Associations for Angiology, Vascular Surgery, and Phlebology).<\/li>\n<li>Presentations on the subject of thrombosis management<\/li>\n<li>Foreign languages: English<\/li>\n<\/ul>\n<p><\/div>\n","protected":false},"excerpt":{"rendered":"<p>Areas of Specialization \u00a0 Professional Development \u00a0 Other<\/p>\n","protected":false},"author":5,"featured_media":0,"parent":22508,"menu_order":0,"comment_status":"closed","ping_status":"closed","template":"","meta":{"footnotes":""},"class_list":["post-22517","page","type-page","status-publish","hentry"],"_links":{"self":[{"href":"https:\/\/www.gefaesscentrum-koeln.de\/en\/wp-json\/wp\/v2\/pages\/22517","targetHints":{"allow":["GET"]}}],"collection":[{"href":"https:\/\/www.gefaesscentrum-koeln.de\/en\/wp-json\/wp\/v2\/pages"}],"about":[{"href":"https:\/\/www.gefaesscentrum-koeln.de\/en\/wp-json\/wp\/v2\/types\/page"}],"author":[{"embeddable":true,"href":"https:\/\/www.gefaesscentrum-koeln.de\/en\/wp-json\/wp\/v2\/users\/5"}],"replies":[{"embeddable":true,"href":"https:\/\/www.gefaesscentrum-koeln.de\/en\/wp-json\/wp\/v2\/comments?post=22517"}],"version-history":[{"count":0,"href":"https:\/\/www.gefaesscentrum-koeln.de\/en\/wp-json\/wp\/v2\/pages\/22517\/revisions"}],"up":[{"embeddable":true,"href":"https:\/\/www.gefaesscentrum-koeln.de\/en\/wp-json\/wp\/v2\/pages\/22508"}],"wp:attachment":[{"href":"https:\/\/www.gefaesscentrum-koeln.de\/en\/wp-json\/wp\/v2\/media?parent=22517"}],"curies":[{"name":"wp","href":"https:\/\/api.w.org\/{rel}","templated":true}]}}

<p><strong>Areas of Specialization<img loading="lazy" decoding="async" class="alignright wp-image-22238" src="https://www.gefaesscentrum-koeln.de/wp-content/uploads/2015/06/camci2.jpg" alt="camci2" width="450" height="300" srcset="https://www.gefaesscentrum-koeln.de/wp-content/uploads/2015/06/camci2.jpg 1000w, https://www.gefaesscentrum-koeln.de/wp-content/uploads/2015/06/camci2-300x200.jpg 300w, https://www.gefaesscentrum-koeln.de/wp-content/uploads/2015/06/camci2-700x466.jpg 700w" sizes="auto, (max-width: 450px) 100vw, 450px" /></strong></p>
<div class='q_list circle circle_number normal'></p>
<ul>
<li>Microsurgical Procedures of the Venous System</li>
<li>Endovenous Radiofrequency / Laser Catheter Procedures</li>
<li>Ablation Therapy</li>
<li>Vascular Diagnostics</li>
<li>Thrombosis Care</li>
<li>Wound Care</li>
</ul>
<p></div>
<p> </p>
<p><strong>Professional Development</strong></p>
<div class='q_list circle circle_number normal'></p>
<ul>
<li>1991–1996: Study of Human Medicine, Philipps-University Marburg</li>
<li>1996–2009: Surgical and vascular surgical training by Prof. Dr.  Raguse (Visceral Surgery) and by Prof. Dr. Balzer (Vascular Surgery), Evangelisches Krankenhaus, Mülheim an der Ruhr (Protestant Hospital)</li>
<li>1998:Medical License &#8211; Physician</li>
<li>2000: Doctorate Degree</li>
<li>2003: Specialist in Surgery</li>
<li>2005: Specialty designation in Vascular Surgery</li>
<li>2005–2009: Medical Superintendent for Vascular Surgery, Evangl. Krankenhaus, Mülheim a. d. Ruhr</li>
<li>2008: Additional designation Phlebology</li>
<li>since September 2009: Specialist at the Center for Vascular Medicine and Venous Surgery, Cologne</li>
</ul>
<p></div>
<p> </p>
<p><strong>Other </strong></p>
<div class='q_list circle circle_number normal'></p>
<ul>
<li>Membership in specialty associations: Berufsverband der Deutschen Chirurgen e.V. (Professional Association of German Surgeons) (BDC) and Deutsche Gesellschaft für Gefäßchirurgie (DGG) (German Association for Vascular Surgery)</li>
<li>Participation in conferences of the Deutschen Gesellschaften für Angiologie, Gefäßchirurgie und Phlebologie (German Associations for Angiology, Vascular Surgery, and Phlebology).</li>
<li>Presentations on the subject of thrombosis management</li>
<li>Foreign languages: English</li>
</ul>
<p></div>
